 -210. Calculate the greatest common divisor of g and 7.
7
Let l be (-1 - -7)*(-3)/(-6). Suppose 4*u = 20, -q + 15 + 60 = -l*u. What is the greatest common divisor of q and 36?
18
Let n = 8 - -22. What is the highest common divisor of n and 10?
10
Let j be -1*(-4 - -1)*1. Suppose 0 = j*b + 2*b - 75. What is the highest common factor of b and 60?
15
Let x = 9 + -8. Suppose 4*a = 2*t + 2*a - 18, 3 = -3*t - 3*a. Suppose t*z = 2*z + 14. What is the greatest common factor of x and z?
1
Let r = 60 - -2. What is the greatest common divisor of 155 and r?
31
Let p be (-9)/(-1 + 2 + -2). Suppose 4*q = 3*a + 3*q - 298, 0 = 3*a + 5*q - 292. Calculate the greatest common factor of p and a.
9
Suppose -w + 2*w = 5. Suppose -34 = -3*r - 5*n, n - 27 = -w*r + 15. Let s = -41 - -65. What is the highest common divisor of r and s?
8
Let y(i) = i**3 + i**2 - i - 1. Let w be y(-1). Let q = 0 - w. Let v = 10 - q. Calculate the greatest common divisor of 15 and v.
5
Let t = 114 + -66. What is the highest common factor of 6 and t?
6
Suppose l + 140 = 2*a, -197 = -3*a + 5*l - 1. Let j be (6/(-9))/(6/(-81) + 0). Calculate the greatest common divisor of a and j.
9
Let v(h) = -5*h. Let s be v(-1). Suppose -2*r + s - 1 = 0. What is the highest common divisor of 10 and r?
2
Let g = -6 - -15. Let f(i) = -i**2 + 12*i - 12. Let q be f(g). Calculate the greatest common factor of 5 and q.
5
Let d be 2520/245 - (-4)/(-14). Let h(v) = -2 - v**3 - 7*v + 11*v**2 - 3*v + 17. Let r be h(d). Calculate the highest common factor of r and 60.
15
Let f(i) = 5*i + 4. Let w be f(5). Suppose -g = 5 - w. What is the greatest common factor of g and 60?
12
Let q = 134 - 62. Calculate the greatest common divisor of 9 and q.
9
Suppose 0 = 5*c - 38 - 2. Suppose -4*v = -2*v. Suppose -l - 3*l + 160 = v. Calculate the greatest common divisor of c and l.
8
Let h(l) = l**2 - 6*l + 4. Let d be h(6). Suppose 0 = -d*f + 22 + 62. Calculate the greatest common factor of 14 and f.
7
Let p(v) = 4*v**2 + 5*v - 3. Let y be p(3). Suppose 0 = 3*l + 2*l - 360. Calculate the greatest common divisor of y and l.
24
Suppose 5 = -c, -k + 3*c - 4*c = -4. Let y be (-21)/k - 2/(-6). Let q = 5 + y. What is the highest common divisor of 6 and q?
3
Let l(z) = 7*z + 1. Let j be l(1). Suppose -5*u - 273 = -748. Suppose 3*h = 2*r - u, 2*r + 175 = 7*r + 5*h. What is the greatest common divisor of r and j?
8
Let u(q) = -q**3 + 7*q**2 - 7*q + 5. Let h be (-2)/(-4) - (-18)/4. Let o be u(h). Suppose -4*k - 3 = -43. What is the highest common factor of o and k?
10
Suppose 800 = -h + 5*h. What is the greatest common factor of h and 25?
25
Let x = 11 + -5. Calculate the greatest common divisor of 18 and x.
6
Let n = 31 - -4. Calculate the greatest common divisor of n and 175.
35
Suppose 0 = -2*w - 2, -j = j - w - 101. Let c = 9 - 16. Let g(l) = -l**3 - 8*l**2 - 8*l + 3. Let b be g(c). What is the highest common factor of b and j?
10
Let u = 32 - 23. What is the highest common divisor of u and 63?
9
Let o = 7 - 3. Suppose a - 130 = -o*a. What is the greatest common divisor of a and 39?
13
Suppose 3*c - 91 + 25 = 0. Calculate the highest common divisor of 44 and c.
22
Let r(o) = o**2 + 7*o - 8. Let c be r(4). Suppose 3*y - 3*d - 34 = 5, -2*y - 2*d = -10. What is the highest common divisor of y and c?
9
Suppose -4 = 4*s - 28. Let j = 10 + s. Suppose 80 = -0*n + 2*n. Calculate the highest common factor of j and n.
8
Let z be (-3)/(-4) - 15/20. Suppose -3*a = -z*a - 84. What is the highest common factor of 4 and a?
4
Let k = -162 - -288. What is the highest common divisor of 14 and k?
14
Let y(w) = -3*w + 36. Let g be y(-18). What is the greatest common factor of 18 and g?
18
Let o be (3/9 - 2/(-3))*704. What is the greatest common factor of 64 and o?
64
Let f(u) = -u**3 - 4*u**2 - 3*u - 1. Let b be f(-3). Let x = b - -2. Let r be (-4 - -1) + (6 - -1). Calculate the greatest common factor of r and x.
1
Let h be 46/8 + (-39)/52. Calculate the greatest common factor of h and 15.
5
Let a = -143 + 158. Calculate the highest common divisor of 15 and a.
15
Let a be 2/(-3)*207/(-6). What is the highest common divisor of 115 and a?
23
Let n(u) = 3*u**2 - 2*u + 2. Let p be n(4). Calculate the highest common factor of p and 28.
14
Let z be (-3)/6 - 26/(-4). Let f(t) = -2 - 5*t + 2*t + 48*t**2 + 4*t + 1. Let p be f(1). Calculate the greatest common divisor of z and p.
6
Let h = -8 - -6. Let u be 10*h/4*-1. Calculate the greatest common factor of u and 5.
5
Let m(z) = 38*z**3 + 0 - 1 + 51*z**3. Let o be m(1). Calculate the highest common factor of 8 and o.
8
Suppose 2*c - 4*p - 144 = 0, 2*c = -2*p + 120 + 24. What is the highest common divisor of c and 16?
8
Let m(h) = -42*h - 3. Let k be m(-2). Calculate the greatest common divisor of 9 and k.
9
Suppose 0 = -2*u - q + 14, -3*u - 3*q + 2*q = -20. What is the greatest common factor of u and 66?
6
Let n(v) = 8*v - 2. Let y be n(2). Suppose 4 = -2*f + y. Let z = -16 + 26. What is the highest common divisor of z and f?
5
Let t = -9 - -37. What is the highest common factor of 7 and t?
7
Let b(i) = 150*i. Let l be b(5). Let d be 2/9 + l/27. Calculate the highest common factor of d and 4.
4
Let s be ((-63)/(-2))/3*2. Let c(t) = t**2 + 5*t + 4. Let n be c(-5). Suppose n*o - 50 = 6. What is the highest common factor of s and o?
7
Let h = 31 + -18. Let k = 26 - 0. Calculate the greatest common divisor of k and h.
13
Let n = 3 - -3. What is the highest common factor of 3 and n?
3
Suppose -4*k = a + a + 36, 2*a + 4 = 0. Suppose -3*i = -3*m - i - 468, 0 = 4*i + 12. Let c be m/k - (-2)/8. What is the greatest common divisor of 4 and c?
4
Suppose 5*w - 18 - 2 = 0. Suppose -w*g - 24 = -4*s, -g = 5*s - 0*g - 12. Let c = -1 + s. Calculate the highest common divisor of c and 2.
2
Suppose 2*o + 3*o = 45. Let w be -4*1/(-4)*12. Let s = -3 + w. What is the greatest common factor of o and s?
9
Let g(t) = -2*t + 40. Let q be g(0). Calculate the highest common factor of 8 and q.
8
Suppose -114 = -4*w - 26. What is the highest common factor of 2 and w?
2
Suppose 0 = 4*w - 22 - 18. What is the greatest common factor of 10 and w?
10
Let l(b) = b**3 - b**2 - 2*b + 4. Let t be l(5). Suppose 15 = 5*o, -4*i + 359 = -5*o + t. Calculate the highest common divisor of i and 10.
10
Suppose -3 = -2*c - 1. Let u be 4 - 1 - (c + -96). What is the highest common divisor of 14 and u?
14
Let q be 474 - 1/2*-6. What is the greatest common factor of q and 53?
53
Let t = 92 - 20. What is the greatest common factor of 9 and t?
9
Suppose -15*z + 12*z + 24 = 0. Calculate the greatest common factor of 88 and z.
8
Let f be (4/(-8))/(4/(-32)). Suppose 2*y - 20 = -f. Let r = -3 - -11. What is the greatest common factor of r and y?
8
Suppose 4*o - 8*o = -4*g, 2*o = -g + 6. Suppose -g*h = -4 - 34. Calculate the greatest common divisor of h and 133.
19
Suppose 2*d + 3*m = d + 92, 2*m = 8. What is the greatest common divisor of d and 20?
20
Suppose 2*p - 98 = -3*m, m = -2*p + 6*p + 42. What is the greatest common divisor of 374 and m?
34
Suppose 4*k - 9 = -4*l + 59, -2*l + 10 = -4*k. What is the highest common divisor of l and 13?
13
Suppose b = 1 + 1. Let n be (-20)/(555/(-276) + b). Let c be (-2)/(-7) + n/28. What is the greatest common divisor of c and 22?
22
Let o(c) = -c**3 - 5*c**2 + 7*c + 3. Let w be o(-6). Let a be (-27)/(-2)*(-12)/w. Let h be a - (-2)/(-4)*-2. Calculate the highest common factor of 11 and h.
11
Let c(k) = k**2 + 5*k + 6. Let b be c(-5). What is the highest common divisor of b and 42?
6
Let t be 14/(-21) - (2 - (-143)/(-3)). What is the greatest common divisor of 360 and t?
45
Suppose a - 3 = 3*o + 46, -2*o = -10. Let f(y) = -y**2 - 23*y - 82. Let m be f(-5). Calculate the highest common factor of m and a.
8
Let r be (-3)/2*-2*3. Suppose f - 26 = -4*d, 12 = 2*d + 4*f - 8. What is the highest common factor of r and d?
3
Suppose 0 = -9*t + 2*t + 203. What is the highest common divisor of 116 and t?
29
Let u = -21 - -66. Suppose z + 3*z - 72 = 0. Calculate the greatest common divisor of z and u.
9
Let m(r) = r**3 + 18*r**2 + 15*r - 22. Let x be m(-17). What is the highest common divisor of x and 132?
12
Let j = 53 - 17. Let g(p) = -16*p - 1. Let w be g(-2). Suppose a = r - 4*r + 41, 3*r = a + w. Calculate the highest common divisor o